ommon factor of 267 and 3471.
267
What is the highest common divisor of 2460 and 480?
60
Calculate the greatest common divisor of 56 and 7.
7
What is the greatest common factor of 684 and 608?
76
Calculate the highest common factor of 5640 and 30.
30
Calculate the greatest common divisor of 1634 and 86.
86
Calculate the greatest common divisor of 224 and 168.
56
Calculate the highest common factor of 304 and 80.
16
Calculate the greatest common factor of 187 and 34.
17
What is the greatest common divisor of 25600 and 100?
100
Calculate the highest common divisor of 156 and 260.
52
What is the highest common factor of 158 and 2?
2
What is the highest common divisor of 5440 and 64?
64
Calculate the greatest common factor of 6617 and 13.
13
What is the greatest common divisor of 180 and 160?
20
What is the highest common factor of 96 and 948?
12
Calculate the highest common factor of 18421 and 109.
109
What is the greatest common factor of 98 and 1813?
49
Calculate the highest common factor of 4949 and 2323.
101
What is the highest common factor of 348 and 2262?
174
Calculate the highest common factor of 348 and 58.
58
Calculate the greatest common divisor of 17 and 17.
17
Calculate the greatest common factor of 161 and 1449.
161
Calculate the greatest common divisor of 69 and 21.
3
What is the greatest common divisor of 36 and 126?
18
What is the highest common factor of 252 and 12?
12
Calculate the greatest common divisor of 8 and 772.
4
What is the highest common divisor of 66 and 803?
11
What is the greatest common divisor of 11 and 11?
11
Calculate the highest common divisor of 8 and 14.
2
Calculate the greatest common divisor of 4140 and 132.
12
What is the highest common factor of 112 and 140?
28
What is the highest common factor of 252 and 1428?
84
What is the highest common factor of 5088 and 96?
96
What is the highest common divisor of 273 and 21?
21
Calculate the greatest common divisor of 2139 and 124.
31
What is the highest common divisor of 44 and 20?
4
What is the greatest common factor of 441 and 28?
7
What is the highest common divisor of 776 and 72?
8
Calculate the highest common factor of 18649 and 17.
17
What is the greatest common factor of 14 and 217?
7
What is the greatest common factor of 66 and 126?
6
What is the highest common divisor of 12 and 18?
6
What is the greatest common factor of 16718 and 26?
26
Calculate the highest common factor of 48 and 123.
3
Calculate the greatest common factor of 21 and 2653.
7
What is the highest common factor of 224 and 196?
28
Calculate the greatest common divisor of 45 and 13815.
45
Calculate the highest common divisor of 25 and 120.
5
Calculate the greatest common factor of 42 and 13713.
21
Calculate the highest common factor of 72 and 4296.
24
Calculate the greatest common factor of 30 and 202.
2
What is the highest common factor of 856 and 32?
8
What is the highest common factor of 175 and 625?
25
Calculate the highest common divisor of 38 and 2.
2
Calculate the highest common divisor of 1072 and 8.
8
What is the greatest common factor of 429 and 11?
11
Calculate the highest common factor of 7988 and 4.
4
What is the highest common divisor of 13 and 4043?
13
Calculate the greatest common factor of 192 and 64.
64
Calculate the greatest common divisor of 69 and 92.
23
What is the highest common factor of 6 and 50?
2
What is the highest common divisor of 29 and 783?
29
Calculate the greatest common divisor of 26 and 5.
1
Calculate the greatest common factor of 27 and 279.
9
What is the highest common factor of 45 and 6855?
15
What is the highest common factor of 405 and 324?
81
Calculate the greatest common divisor of 2004 and 48.
12
What is the highest common divisor of 5090 and 20?
10
Calculate the highest common factor of 27 and 432.
27
Calculate the greatest common divisor of 98 and 1323.
49
Calculate the greatest common factor of 360 and 252.
36
What is the highest common divisor of 80 and 10?
10
Calculate the greatest common divisor of 885 and 45.
15
What is the highest common divisor of 6630 and 40?
10
Calculate the highest common factor of 282 and 329.
47
What is the highest common divisor of 7524 and 171?
171
What is the highest common factor of 116442 and 18?
18
What is the greatest common divisor of 870 and 1102?
58
Calculate the highest common factor of 176 and 275.
11
What is the highest common divisor of 28 and 1694?
14
Calculate the highest common factor of 3104 and 96.
32
What is the highest common divisor of 544 and 204?
68
What is the highest common factor of 7550 and 50?
50
What is the highest common factor of 8 and 1688?
8
Calculate the highest common divisor of 3 and 129.
3
Calculate the greatest common divisor of 2500 and 20.
20
What is the highest common divisor of 1700 and 119?
17
What is the highest common factor of 682 and 22?
22
Calculate the highest common divisor of 45 and 360.
45
What is the highest common divisor of 46 and 12?
2
Calculate the greatest common divisor of 11 and 1969.
11
Calculate the greatest common divisor of 2997 and 405.
81
What is the greatest common divisor of 30 and 15?
15
Calculate the highest common factor of 16 and 16688.
16
What is the highest common factor of 170 and 1411?
17
What is the greatest common divisor of 91 and 21?
7
What is the highest common divisor of 39 and 81?
3
Calculate the highest common divisor of 19312 and 136.
136
What is the highest common divisor of 4794 and 204?
102
Calculate the greatest common divisor of 3425 and 200.
25
What is the highest common divisor of 5842 and 92?
46
What is the highest common factor of 475 and 323?
19
Calculate the highest common divisor of 440 and 308.
44
Calculate the highest common divisor of 196 and 17024.
28
Calculate the highest common factor of 3 and 339.
3
Calculate the greatest common divisor of 296 and 333.
37
Calculate the highest common divisor of 1560 and 100.
20
What is the greatest common divisor of 8 and 52?
4
Calculate the greatest common divisor of 4 and 54.
2
Calculate the greatest common factor of 858 and 78.
78
Calculate the highest common factor of 138 and 69.
69
Calculate the highest common factor of 63 and 315.
63
Calculate the highest common divisor of 13260 and 13.
13
Calculate the highest common factor of 2600 and 24.
8
What is the highest common divisor of 44 and 388?
4
Calculate the highest common factor of 12518 and 66.
22
Calculate the highest common divisor of 199 and 63083.
199
What is the highest common divisor of 5512 and 104?
104
What is the greatest common divisor of 2260 and 100?
20
Calculate the greatest common divisor of 153 and 27.
9
What is the highest common factor of 760 and 32?
8
What is the greatest common divisor of 1036 and 28?
28
Calculate the greatest common divisor of 415 and 10.
5
Calculate the highest common divisor of 5614 and 14.
14
What is the highest common factor of 5192 and 88?
88
What is the greatest common factor of 3996 and 648?
108
What is the greatest common divisor of 6 and 1497?
3
What is the highest common factor of 1098 and 18?
18
Calculate the highest common factor of 846 and 94.
94
Calculate the greatest common divisor of 846 and 486.
18
What is the greatest common divisor of 50 and 400?
50
What is the greatest common divisor of 108 and 252?
36
Calculate the highest common divisor of 57 and 247.
19
What is the highest common factor of 65 and 14599?
13
What is the greatest common factor of 198 and 171?
9
What is the greatest common factor of 177 and 3245?
59
What is the highest common divisor of 16 and 2192?
16
What is the greatest common divisor of 250 and 25?
25
Calculate the greatest common divisor of 58 and 58.
58
What is the highest common factor of 77 and 10087?
77
Calculate the greatest common factor of 936 and 104.
104
Calculate the greatest common factor of 798 and 3150.
42
What is the highest common factor of 6787 and 66?
11
What is the highest common divisor of 309 and 9?
3
Calculate the greatest common divisor of 123 and 3.
3
What is the highest common factor of 30 and 54?
6
What is the greatest common divisor of 3 and 4932?
3
Calculate the highest common divisor of 45952 and 128.
128
Calculate the highest common divisor of 429 and 273.
39
Calculate the greatest common divisor of 206 and 27913.